5*w + 27*l - 319 = 28*l. Calculate the highest common divisor of w and 252.
63
Let o(k) = k**3 + 6*k**2 - 16*k - 43. Let t be o(-7). Suppose -4*i + 17 + 63 = 0. What is the greatest common divisor of i and t?
20
Let i(x) = x**3 - 13*x**2 + 14*x - 10. Let w be i(12). Let u = w - 7. Let j be ((-1)/2)/(4 - 3)*-42. What is the greatest common factor of j and u?
7
Let p(x) = x**2 - 3*x - 4. Let u be p(6). Let m be (u/(-21))/((-2)/15). Calculate the highest common divisor of 25 and m.
5
Let t be 12 + (-6)/(-10)*5. Let h = 414 - 249. Calculate the greatest common divisor of h and t.
15
Let p be 2 - 20/12 - 44/(-12). Let h be ((-3)/2)/(15/(-10)). What is the greatest common factor of p and h?
1
Suppose -1 = -3*r + 8, -5*s + 92 = -r. What is the greatest common divisor of s and 551?
19
Let w be 13/((-39)/(-6))*44. What is the greatest common factor of 88 and w?
88
Let s(j) = -177*j + 496. Let p be s(0). Calculate the greatest common factor of p and 8.
8
Suppose 5*d + 200 = 4*j, 3*j - j - 4*d - 94 = 0. What is the highest common divisor of j and 11?
11
Let j = 14 - 11. Let g be (-1)/j - (-76)/12. Suppose -4*u + g = -22. Calculate the greatest common factor of u and 63.
7
Let u(r) = -r**3 - 17*r**2 - 17*r - 14. Let g be u(-16). Suppose -4*k + 0*k = g*p - 160, 2*k = -2*p + 78. Calculate the greatest common divisor of 451 and k.
41
Let q(x) = -x**3 - 25*x**2 + 13*x - 34. Let p be q(-26). Calculate the greatest common factor of 38 and p.
38
Suppose -5*x + 16 = 4*i, 5*i - 26 = -5*x - 11. Calculate the highest common divisor of 40 and x.
4
Suppose -5*w = -3*w - 36. Let j be (17 + 1)*9*(-13)/(-234). What is the highest common divisor of w and j?
9
Let k be ((-405)/54)/((-1)/22). What is the greatest common factor of 15 and k?
15
Let f = 5 + 4. Suppose 0*x = -3*x - f. Let v be 2/x - 23/(-3). Calculate the greatest common factor of 21 and v.
7
Let p(z) = -z**3 - 22*z**2 - 26*z - 51. Let i be p(-21). What is the greatest common divisor of 27 and i?
27
Suppose 0 = -10*i - 8*i + 144. Calculate the greatest common divisor of 8 and i.
8
Let w(b) = b**3 - 5*b**2 + 2*b - 4. Let t be w(5). Suppose -10*k + 306 = t. Suppose -49*u = -50*u + k. What is the highest common factor of 15 and u?
15
Let f = 23 - -2. Let c = 23 - -27. What is the greatest common divisor of f and c?
25
Let d = 263 + -230. What is the highest common factor of 9 and d?
3
Let o be (-26 - 1)/((-4)/((-360)/(-27))). What is the greatest common divisor of o and 10?
10
Suppose 9*o - 4*o - 25 = -3*k, -4*o + 18 = 2*k. What is the highest common factor of 8 and o?
2
Suppose 300 = 3*f - 2*y, 5*y = -5*f + 4*y + 487. Calculate the highest common factor of f and 1568.
98
Let n = 77 + -35. Suppose -9*p = -8*p - n. Calculate the highest common factor of p and 6.
6
Suppose m = y - m + 13, -5*m + 4 = -y. Let k = y - -32. Calculate the highest common divisor of k and 13.
13
Let a be 3*((-671)/(-33) + -6). What is the greatest common divisor of 1978 and a?
43
Let m(d) = 5*d - 2. Let u be m(2). Suppose -254 = -3*l - 83. Let a = l - -7. Calculate the greatest common divisor of a and u.
8
Let m(i) = i**2 - 2*i + 2. Let q be m(2). Suppose -q*z = 2 - 12. Suppose 5*w - 125 = -z. Calculate the highest common divisor of w and 3.
3
Let o be 1809/21 + 3/(-21). What is the greatest common divisor of o and 43?
43
Let r be (102/(-3) - -3)*2*-1. Let a be -1*1*(-4 - r). What is the highest common divisor of 6 and a?
6
Let n(t) = t**3 - 6*t**2 + 3*t + 1. Let i be n(6). Suppose -3 + i = -2*s. Let v = s + 44. What is the highest common factor of v and 4?
4
Suppose 4*o + 144 = 4*j, 0*j + j - 5*o = 24. Let x = -33 + j. What is the greatest common divisor of 30 and x?
6
Let z(l) = l**3 - 9*l**2 + 9*l + 3. Let r = 30 + -13. Suppose -r = -4*j - 5*o, -o + 5 = j - 0*o. Let a be z(j). Calculate the highest common factor of 1 and a.
1
Suppose q - 2 = 38. Suppose -3*c + 50 = -b, -4*c + 2*c - b = -q. What is the greatest common divisor of 144 and c?
18
Suppose -f + 75 = 37. Calculate the highest common factor of 38 and f.
38
Suppose 7*p + 3*p = 560. What is the greatest common factor of 8 and p?
8
Suppose 4*u + q - 10 - 3 = 0, u + 5*q = -11. Suppose 0*o + o + 2*f - 38 = 0, 4*f + 148 = 5*o. Calculate the highest common factor of u and o.
4
Suppose -3*q + 437 - 113 = 0. Suppose -16*n + 30 = -162. Calculate the highest common divisor of q and n.
12
Suppose 0 = -4*z + 2*z + 40. Suppose 12*o - 454 - 746 = 0. Calculate the greatest common factor of o and z.
20
Let v = 70 + 45. Suppose 5*a - v = -3*i, 4*i + 3*a - 105 = i. Calculate the greatest common factor of i and 45.
15
Let c(o) = -o - 5. Let l be c(-6). Let v = 305 - 302. Suppose -4*m + v = -l. What is the greatest common divisor of m and 11?
1
Let i(h) = 2*h**3 - 2*h**2 - 2*h + 2. Suppose -2*r = -5*w - 3*r + 15, 0 = 4*w + r - 13. Let f be i(w). Calculate the greatest common divisor of 18 and f.
6
Let q(m) = m**2 - m + 9. Let f be q(4). Suppose i + f = -0*w - 5*w, 2*w = -10. Suppose -j + 0 = -4. What is the highest common divisor of j and i?
4
Let a be (4/10)/(((-255)/(-1875))/17). Calculate the highest common divisor of 190 and a.
10
Let h = 33 + -5. Let q = h + -26. What is the highest common factor of q and 16?
2
Let q = 452 + -440. What is the greatest common factor of 120 and q?
12
Suppose 3*t - 3*f - 118 - 140 = 0, 432 = 5*t - 4*f. What is the greatest common factor of 495 and t?
11
Let h(f) = 25*f - 1. Let g be h(1). Let k be ((-22)/(-4))/((-2)/4). Let j = 25 - k. Calculate the highest common divisor of g and j.
12
Let n be 28/(-8)*(-2)/4*4. Calculate the greatest common divisor of 7 and n.
7
Suppose 27*x - 211 = -22. What is the greatest common factor of 14 and x?
7
Let m(b) = b + 4. Let s be m(-3). Let y(f) = -f**2 + 18*f - 75. Let u be y(8). What is the greatest common factor of s and u?
1
Suppose -1 = -2*p + 9, 0 = -m - p + 26. Calculate the highest common factor of 21 and m.
21
Let x = 27 - 106. Let l = x - -89. What is the highest common divisor of l and 40?
10
Let d = 109 + -64. Let s(y) = 2*y**2 - 14*y + 30. Let h be s(0). Calculate the greatest common factor of d and h.
15
Suppose 1993*i + 132 = 2004*i. Calculate the highest common factor of i and 36.
12
Suppose -n = 5*n - 24. Let o = 122 + -78. What is the greatest common factor of o and n?
4
Let y be (12 + 168/(-16))*(-80)/(-3). Calculate the greatest common divisor of 48 and y.
8
Suppose -3*c + 2 = -28. Calculate the highest common divisor of c and 505.
5
Suppose -8 = 4*p - 124. Let y = 47 - p. Let h be 40/2 + 2/(-1). Calculate the greatest common divisor of h and y.
18
Suppose -15*d = -13*d - 168. What is the highest common factor of 56 and d?
28
Let y be 506/33 + (-2)/(-3). Calculate the highest common factor of y and 20.
4
Suppose 10*n - 116 = -16. Suppose p + 35 + n = 5*x, -4*p + 27 = 3*x. Calculate the highest common factor of 99 and x.
9
Let r(t) = -3*t + t - 6 + 3*t. Let q(k) = k**3 - 2*k + 7. Let a be q(0). Let m be r(a). What is the highest common divisor of 9 and m?
1
Let p = -9 + 14. Suppose p*g - 4*x - 52 = 0, -g = -2*g - 4*x - 4. Let s be -2 + 11 - (4 - g). Calculate the greatest common factor of s and 143.
13
Let g = -11 - -14. Let y be 35 + (g - -2 - 4). Calculate the highest common factor of 90 and y.
18
Let i be (-2)/(-2) + 483/23. Calculate the greatest common factor of 176 and i.
22
Let n be 2/((1248/76)/4 + -4). What is the greatest common divisor of n and 247?
19
Suppose 2*n + 1568 = 9*n. Let v = -98 + n. What is the greatest common factor of v and 14?
14
Let g be (-7)/(((-57)/(-171))/(2/(-6))). Let o(w) = w**3 + 21. Let a be o(0). What is the highest common divisor of g and a?
7
Let b be -1 + 1 - (2 - 6). Suppose b*k = k + 72. Calculate the greatest common factor of k and 36.
12
Let u be ((-320)/24)/(-2 - 84/(-45)). Suppose -16*y = -6*y - u. What is the greatest common divisor of y and 10?
10
Let n(s) = -3*s - 14. Let r be n(-5). What is the highest common factor of r and 1?
1
Suppose -28 - 82 = -5*c. Let w = -11 + c. Let b = -281 - -292. What is the greatest common divisor of b and w?
11
Let c(t) = 2*t - 9. Let f be c(8). Let r = -4 + f. Suppose -276 = -r*l + y, -l + 27 = -5*y - 79. Calculate the highest common divisor of 13 and l.
13
Let r = -3 - -11. Suppose -2 - r = 2*d, -3*v - d = -109. Let l = v - 